02012002201012
In base 3, what is -21000222 - 11122112?
-102200111
In base 2, what is 10010 - -1000101010101011100001?
1000101010101011110011
In base 12, what is -bb - -750953?
750854
In base 15, what is 3b0 - -1c9a3?
1cd63
In base 15, what is 2 + 37a204c?
37a204e
In base 6, what is 4 + 20511110043?
20511110051
In base 12, what is 4b - -560434?
560483
In base 5, what is -20 - 11413002233?
-11413002303
In base 9, what is -5 - -41716820?
41716814
In base 6, what is 442212151 + 0?
442212151
In base 16, what is -7d - -357e?
3501
In base 4, what is 3230 - -13033022?
13102312
In base 9, what is 368 + 217741?
218220
In base 6, what is -242 + -2521530?
-2522212
In base 6, what is 413223514 - 43?
413223431
In base 7, what is 10162554 - 0?
10162554
In base 5, what is 14 + -41234212?
-41234143
In base 5, what is -3104244 - 40221?
-3200020
In base 13, what is -53798 + 93c?
-52b59
In base 16, what is -5 - 4087a?
-4087f
In base 9, what is -783751131 - 5?
-783751136
In base 3, what is 10021112001212210 + 11?
10021112001212221
In base 4, what is 3121223 + 12111103?
21232332
In base 16, what is -757f4 + 21?
-757d3
In base 12, what is -109 - -100866?
100759
In base 12, what is 144b1 - -4153?
18644
In base 12, what is 8669a3 - a?
866995
In base 12, what is -7497 + 18?
-747b
In base 5, what is -3 + 2334030122?
2334030114
In base 5, what is -142230204043 - -2?
-142230204041
In base 16, what is 6299f9b + -3?
6299f98
In base 15, what is 229 - 14d?
cb
In base 15, what is -37 + 34699c?
346965
In base 3, what is 1120102110101 - 1?
1120102110100
In base 14, what is 1 + 3278aa8?
3278aa9
In base 9, what is 3457770 + -4?
3457765
In base 9, what is -14 - -5086428?
5086414
In base 13, what is -6081a4 + -98?
-60826c
In base 6, what is -10413441 + 5?
-10413432
In base 9, what is -253 + -1165284?
-1165547
In base 5, what is -1400330424 + 4?
-1400330420
In base 3, what is 2200201 + 111101112202?
111111020110
In base 13, what is 2 - 9a22ac?
-9a22aa
In base 2, what is 100 + -1000110101101001111000?
-1000110101101001110100
In base 5, what is -101034 - -31144?
-14340
In base 7, what is 1604203 + 1354?
1605560
In base 7, what is 154232 + 1100?
155332
In base 5, what is 10 + -211112202?
-211112142
In base 11, what is -1 - -17795421?
17795420
In base 10, what is -403293133 + 2?
-403293131
In base 8, what is 176677311 + -7?
176677302
In base 16, what is 5 - 332d56a?
-332d565
In base 3, what is 1202201 - 211100011202?
-211021102001
In base 8, what is -13163123 - -5?
-13163116
In base 4, what is -2 + 130321223110?
130321223102
In base 4, what is -21213310021 - -10?
-21213310011
In base 16, what is -267 - -e36?
bcf
In base 9, what is 0 - -61026213?
61026213
In base 5, what is -3 + -121212421004?
-121212421012
In base 15, what is -120469 + -3?
-12046c
In base 7, what is -60060 - 24500?
-114560
In base 5, what is 1 - -2021300010?
2021300011
In base 14, what is 944b4a - -a0?
944c0a
In base 7, what is -134010 - -3005?
-131002
In base 2, what is -101 + -11011111101000111110001100?
-11011111101000111110010001
In base 3, what is -120221110 - 1101011?
-122022121
In base 15, what is 16 - 232d732?
-232d71b
In base 5, what is -431242 + 1130043?
143301
In base 6, what is 2 - -1101510245?
1101510251
In base 6, what is -2 - -3302132045?
3302132043
In base 9, what is -621 - 33061?
-33682
In base 10, what is 11 + 72868?
72879
In base 8, what is -765430 + 21?
-765407
In base 15, what is -2d + 4dba?
4d8c
In base 8, what is 13172740 - 11?
13172727
In base 6, what is 104 + 4302412?
4302520
In base 2, what is 100001001000100010 - -101101?
100001001001001111
In base 7, what is 3 - -1564456544?
1564456550
In base 2, what is 10001000101110100000 + 101100110?
10001000110100000110
In base 9, what is -1 + -523758383?
-523758384
In base 2, what is 111010001000110000 - -100111?
111010001001010111
In base 4, what is -1103031 - -1113022?
3331
In base 7, what is 65045 - 6241?
55504
In base 12, what is -5 - -985a77?
985a72
In base 16, what is -1dfbf5 - 9?
-1dfbfe
In base 12, what is -120644 - -a18?
-11b828
In base 4, what is 211022 + 11233231?
12110313
In base 10, what is -403968 - 1336?
-405304
In base 3, what is 2021011 + 112102202?
121200220
In base 7, what is -20413 - 610?
-21323
In base 3, what is -1012202 + -1000211?
-2020120
In base 12, what is -6b3 + 15b1a?
15427
In base 12, what is 185b - -23?
1882
In base 7, what is -26226161 - 11?
-26226202
In base 12, what is -3 + 35b0aa9?
35b0aa6
In base 15, what is -853784 - 11?
-853795
In base 13, what is -22c5 + 5c7?
-19cb
In base 5, what is -1224201 - -112?
-1224034
In base 14, what is 5 - aabd113?
-aabd10c
In base 13, what is -4 - 16704138?
-1670413c
In base 15, what is 3c + -6b3e8e?
-6b3e52
In base 13, what is -4 + 7a927b?
7a9277
In base 2, what is -111010101100000 - -110100011?
-111001110111101
In base 5, what is 42233 + -234301?
-142013
In base 15, what is 5 - 1931714?
-193170e
In base 3, what is 12 + 10022102122012221?
10022102122020010
In base 12, what is -109 - -10868b?
108582
In base 3, what is 111120112002 + 22?
111120112101
In base 2, what is 1001 + -1101000100101000011?
-1101000100100111010
In base 8, what is 335 - -2136426?
2136763
In base 7, what is -5 - -635114645?
635114640
In base 12, what is -32b143 - 0?
-32b143
In base 14, what is -b8b28 - 2b?
-b8b55
In base 5, what is -34144 - 23040?
-112234
In base 6, what is -31512 + 2253?
-25215
In base 13, what is 2b2b9a + 4a?
2b2c17
In base 2, what is -110000011010000101 - -11100100?
-110000010110100001
In base 2, what is 10011100110000 - -1100110111?
10101001100111
In base 4, what is 11 + -102122222?
-102122211
In base 3, what is 202011202000 + -101200?
202011100100
In base 4, what is -20201001221213 + 12?
-20201001221201
In base 15, what is 756b15 - 1?
756b14
In base 9, what is -142352078 + -3?
-142352082
In base 12, what is 4 + 2149a7b9?
2149a801
In base 6, what is -1551504013 - 5?
-1551504022
In base 11, what is 3306a1362 - 1?
3306a1361
In base 12, what is 13b7a - -739?
146b7
In base 5, what is -113212130 + 410?
-113211220
In base 11, what is 19a2913 - -24?
19a2937
In base 3, what is 22010221212222 - -11?
22010221220010
In base 9, what is -147382 - 13452?
-161844
In base 16, what is 6 - 3c4b5e?
-3c4b58
In base 8, what is 223316102 - -15?
223316117
In base 4, what is -20120221 + -12323?
-20133210
In base 16, what is -4 + -1fd2bf?
-1fd2c3
In base 3, what is -2002002212210 + 2000?
-2002002210210
In base 15, what is 115abd - 6?
115ab7
In base 6, what is -1103123 + 55210?
-1003513
In base 12, what is a + 1279b86?
1279b94
In base 14, what is 5 - -737913?
737918
In base 6, what is 43533 - 510124?
-422151
In base 2, what is 0 - -10101000001110?
10101000001110
In base 16, what is 6be + 44b9?
4b77
In base 2, what is -100 + -10011001100011010010101011010?
-10011001100011010010101011110
In base 15, what is 1b2 + -ad48?
-ab86
In base 5, what is 1210 + -2024423?
-2023213
In base 7, what is 2 + 2524236405?
2524236410
In base 12, what is 9594017 + -4?
9594013
In base 2, what is 10100 - -101011101010111100?
101011101011010000
In base 6, what is 0 - 3123320?
-3123320
In base 6, what is 2 + -525150013?
-525150011
In base 6, what is -1 + 451130?
451125
In base 9, what is 147878 - -42?
148031
In base 11, what is -1a0a8787 + -26?
-1a0a8802
In base 13, what is 15084c4 - -1?
15084c5
In base 9, what is -15487383 + 0?
-15487383
In base 4, what is -1020000132231 - 2?
-1020000132233
In base 13, what is -180557aa + 1?
-180557a9
In base 15, what is -2c - 16843?
-16870
In base 14, what is -13a - 4a4d6?
-4a632
In base 12, what is 84b5a - -86?
85024
In base 5, what is 3412431 + -1111321?
2301110
In base 15, what is -1e7 + -1707c?
-17274
In base 8, what is 1122473 + 73?
1122566
In base 7, what is -14450 + 563064?
545314
In base 11, what is -294a2 - -25?
-29478
In base 10, what is -3 - 18551242?
-18551245
In base 15, what is 1 - -15c97a?
15c97b
In base 16, what is -5e67a - -45?
-5e635
In base 9, what is 805821833 + 2?
805821835
In base 8, what is -1400240 + 272?
-1377746
In base 11, what is 4 - 6275611?
-6275608
In base 11, what is 1 + -343aa2?
-343aa1
In base 16, what is -b - 76dafb?
-76db06
In base 10, what is -1008884705 - 0?
-1008884705
In base 11, what is -498119 - 7?
-498125
In base 13, what is -7a4 - 1744?
-2218
In base 14, what is 3